be (-26)/(-6) + 3/(-9). Let d(o) = l*o - 5*o + 3*o. Give d(f).
-4
Let l(p) be the second derivative of p**5/20 + p**4/12 - p**3/3 - 3*p**2/2 + 17*p. Give l(-2).
-3
Let q(w) = 2 + 2*w**2 - 3*w**2 - w**2. Suppose 4*m - 2*m = -4. Determine q(m).
-6
Suppose 3*y + h = -2*y + 14, -3*y = -h - 2. Let b(p) = 4*p + 2. Let i(t) = 8*t + 3. Let m(c) = -5*b(c) + 3*i(c). Give m(y).
7
Let y(o) be the second derivative of o**3/3 - o**2/2 + 4*o. Calculate y(-2).
-5
Let d(p) = -5. Let z(m) = -1. Let o = -13 - -7. Let y(n) = o*z(n) + d(n). Let t(s) = s**3 - 3*s**2 - 3*s - 6. Let h(i) = t(i) + 4*y(i). Determine h(4).
2
Let v(o) = o - 10. Let y(z) = -5*z + 51. Let k(f) = 11*v(f) + 2*y(f). Give k(5).
-3
Let f(w) = 4*w + 5. Let g(h) = -h - 1. Let d = -6 + 3. Let b(m) = d*g(m) - f(m). What is b(6)?
-8
Suppose 2*b - 4*b - 6 = 4*g, 0 = 4*b - 4*g. Let l(w) = 6*w - 7*w - 1 + w + 2*w**2 - 16*w**3. Give l(b).
17
Let q(n) be the first derivative of n**4/4 + 4*n**3/3 - n**2 + 2*n - 51. What is q(-5)?
-13
Let z be 8/(-8)*(0 + 0). Let i(h) = z*h**2 - 3 - 2*h - h**2 - 4*h + 2*h**2. What is i(5)?
-8
Let b(k) = -k + 7. Suppose 1 = q - 4. Calculate b(q).
2
Let r(t) = t**3 - 2*t**2 - 2*t + 2. Let y be 5*(-3)/((-60)/8). Determine r(y).
-2
Suppose 0 = 5*x - 4*p - 80, 3*x = -x + 2*p + 64. Suppose 5*c - 19 = -5*s + x, 2*s = -5*c + 26. Let k(r) = -2 + 3 - 2 - 2 - c*r. Determine k(-2).
5
Let w(o) = -o + 1. Let b(q) = 0*q - 4*q**2 + 5*q**2 - 1 + q. Let a be b(2). What is w(a)?
-4
Let m(t) = -t**2 - t + 5. Let p(y) = y + 7. Let x be p(-7). Suppose -5*a + x*a = 0. What is m(a)?
5
Let c(x) = -x - 2. Suppose -6*y + 5*y = 6. Calculate c(y).
4
Let u(d) = 5 + d**2 - 5 + 4 + 4*d. What is u(-4)?
4
Let w(m) = 5*m**2 + 6*m - 11. Let n(a) = -11*a**2 - 12*a + 23. Let y(r) = -4*n(r) - 9*w(r). Determine y(-7).
0
Let d(g) = 5*g. Let b(c) = 11*c + 1. Let n(u) = -2*b(u) + 5*d(u). Give n(-3).
-11
Let k(v) be the third derivative of v**6/120 + v**5/10 - v**4/24 - 4*v**3/3 + 3*v**2 + 6. Calculate k(-6).
-2
Let r(i) = -i**2 - 6*i - 1. Let v(t) = t**2 - t - 3. Let l be v(4). Let c = -14 + l. What is r(c)?
4
Let p(b) = b + 5. Let n be p(-8). Let y(v) = -2*v + 3. What is y(n)?
9
Let p(x) = 2*x - 12. Let r be p(10). Suppose r = 2*h - 2. Let b(w) = -w - w - w**3 + 6*w**2 - 1 - 3*w. Calculate b(h).
-1
Let o(d) = -d**2 + 5*d - 7. Let y = 5 - 2. Let i = y - -1. Let r be i/(-14) - (-148)/28. Determine o(r).
-7
Let l(k) = k - 1. Let c be (-15)/(-6)*48/20. Give l(c).
5
Let w(k) = -2*k + 14. Let c be w(6). Let v(q) = -2 + q**c - 2*q + 0 + 0*q + q. Let n(m) = m**3 + 6*m**2 + 5*m - 3. Let b be n(-5). Calculate v(b).
10
Let n = -5 + 1. Let h be (2/4)/(n/(-32)). Let j(d) = 4*d**3 - 5*d - 2*d**3 - d**3 + h*d**2 - d**2 - 2. What is j(-4)?
2
Let g = -4 - -4. Let x(r) = 6*r - 1 + g + 0. Calculate x(-1).
-7
Let k(a) = -2*a**2 + 3*a - 2*a**2 + 2*a**2 - 59 + 61. What is k(3)?
-7
Let b(c) = 3*c - 1 + 5*c - 18*c + 5*c. Give b(1).
-6
Let q(t) = t**3 + 8*t**2 + 3*t + 9. Let u be q(-8). Let k be 16/(-3) + (-5)/u. Let b(a) = a**3 + 5*a**2 - a - 1. Give b(k).
4
Let n(b) = b**2 + 8*b + 2. Let i(m) = -2*m**2 - 16*m - 5. Let c(g) = 3*i(g) + 5*n(g). Determine c(-5).
10
Let a(u) = 7*u**3 - 14*u**3 - 3 + 5 + 6*u**3 + u**2. Calculate a(2).
-2
Let u(x) = 5 - 5 + 3 + 1 + x. What is u(3)?
7
Let g = -3 - -8. Suppose -4*x = -2*h - 14, -g*x + h + 2 = -11. Let a be 2/(-4)*12/x. Let p(f) = 2*f + 3. Determine p(a).
-3
Let k = 95 + -98. Let h(m) = m**3 + 2*m**2 - m - 2. Give h(k).
-8
Let z(m) = 4*m - 1 - 2 + m - 2*m. Suppose 0 = -0*y - 3*y - 9. Calculate z(y).
-12
Let a = 0 - -3. Let f = -2 + a. Let i(u) = 9*u - 1. Determine i(f).
8
Let o = -13 - -7. Let s be 4/o*-6 + -1. Let z(j) = -j**2 + 3. What is z(s)?
-6
Let m(o) = -6*o**2 + 2*o + 8. Let d(c) = -5*c**2 + 2*c + 7. Let f(q) = q + 13. Let y be f(-7). Let k(l) = y*m(l) - 7*d(l). Determine k(2).
-9
Let k be -1 + 0 + 2 + 0. Suppose 4*d - 1 = 3. Let z = d + k. Let f(w) = 2*w**2 - 2*w + 1. Calculate f(z).
5
Let u(p) = p**2 - 3*p - 4. Let q be u(-2). Let x(i) = -i**2 + 4*i + 8. What is x(q)?
-4
Let z(o) = o**3 - 4*o**2 + 2*o + 4. Suppose 9*n = 6*n + 12. Give z(n).
12
Let j(m) be the first derivative of -2*m**3/3 + m**2/2 + 2*m - 1. What is j(3)?
-13
Let h(g) = 0*g + 6*g**2 + 2*g - 5 + 4 - 2*g**2. Give h(-2).
11
Let q(g) = -1. Let s(p) = -p + 3. Let h(o) = 5*q(o) + s(o). Let f = -9 - -23. Let i = -10 + f. Determine h(i).
-6
Suppose -2*d - 9 = -7. Let t(a) = -12*a + 4. Let z(r) = 8*r - 3. Let i(w) = 5*t(w) + 7*z(w). Calculate i(d).
3
Let v be 6*(-14)/(-105)*-5. Let y(k) = -k**3 - k + 1. Let g(c) = 5*c**3 - 5*c**2 + 2*c - 10. Let r(i) = -g(i) - 6*y(i). Determine r(v).
4
Let k(w) be the second derivative of -2/3*w**3 + 1/12*w**4 + 0 - 2*w**2 + 2*w. Calculate k(6).
8
Let t(m) = -m**3 + 5*m**2 + 8*m - 7. Let h be t(6). Let q(s) = 12 + 0*s**2 - 12 + 6*s - s**2. What is q(h)?
5
Let f(o) be the first derivative of -3*o**2 - o**3 - 1/12*o**4 + 3 + o. Let c(d) be the first derivative of f(d). Calculate c(-5).
-1
Let g(m) = m + 1. Let b(k) = 31*k**2 - 11*k**2 - 19*k**2 + 12 + 5 + 9*k. Let f be b(-7). Calculate g(f).
4
Let w(b) be the second derivative of -b**6/120 + b**5/60 + 5*b**4/24 - b**3/2 - b**2/2 + b. Let z(m) be the first derivative of w(m). Give z(3).
-6
Let u(p) = -p + 8*p**2 - 14 - p**3 - 2*p**2 + 0*p**3 + 12. Give u(3).
22
Let b(o) = -2*o + 2 + 0 - 8. Let j be 9/4*16/(-6). What is b(j)?
6
Let k(a) = a + 7. Suppose 0 = 3*x + 3 - 0. Let i = x + 6. Let z be i/4*(1 + -5). Give k(z).
2
Let w(x) = -3*x + x**3 - 2 + 5*x + 1 - 4*x**2. Suppose 0*v + 5*v + 12 = 4*y, -y + 3 = -v. Calculate w(y).
-4
Let x = -1 + 5. Let i(g) = g**2 - 2*g - 4. What is i(x)?
4
Let q(c) = -32 + 51 - c**2 - 22 + 3*c. What is q(3)?
-3
Let w(i) be the first derivative of 1/4*i**4 + 1 + 0*i + 2*i**3 + 3*i**2. Calculate w(-5).
-5
Let h(p) = -p. Suppose -11*n + 24 = -15*n. What is h(n)?
6
Let a be 3/9 - 38/6. Let i = a - -2. Let k(s) be the first derivative of -s**3/3 - 3*s**2 - 6*s - 1. Calculate k(i).
2
Let f(r) = -5*r**3 + 52*r**2 + 4*r**3 + 8*r - 58*r**2. Suppose 2*c - 21 = 5*c. What is f(c)?
-7
Let g(w) = -3*w**3 - w**2 - 3*w + 7. Let y(m) = 2*m**3 + m**2 + 3*m - 6. Let r(c) = 3*g(c) + 4*y(c). What is r(2)?
-1
Let k(i) = -i + 20. Let u be k(14). Let t(o) = -2*o**2 - 5*o - 5*o**2 + 2*o**2 - o - u - o**3. Determine t(-4).
2
Let s(m) = -1 + 4*m + m**3 - 7*m**2 - 2 - 6*m + 7*m. Calculate s(6).
-9
Suppose 0 = y + y - 18. Suppose 0 = -5*z + 4*i + 1 - 4, z + y = -2*i. Let w(x) = x**3 + 3*x**2 + x - 2. What is w(z)?
-5
Let b(n) = n**3 - 5*n**2 + 4*n + 4. Let f be b(4). Let y(i) = -f*i**2 - i**2 - 6*i + 7*i**2 - i**2 + 5. Give y(6).
5
Let c(o) = 14*o**3 - 20*o**2 + 3*o + 20. Let p(g) = 5*g**3 - 7*g**2 + g + 7. Let s(l) = 6*c(l) - 17*p(l). Determine s(-2).
3
Let c(d) = d**3 + 3*d**2 - 6*d - 3. Let a(y) = -y**2. Let u be a(2). Let o be c(u). Let l(m) = -2 + o + 6*m - 3*m. What is l(-2)?
-3
Let c(o) = 6*o + 1. Let w be ((-8)/24)/((-3)/(-18)). Determine c(w).
-11
Let x(d) be the first derivative of 1/2*d**2 - d + 2. What is x(-3)?
-4
Let p(j) be the first derivative of -j**2 - 4 - 2*j + 1/6*j**3. Let c(l) be the first derivative of p(l). Give c(-6).
-8
Let h(a) = -a**2 - 2*a + 4. Let u be h(0). Let l(g) = u*g - 2*g - 3*g + 12. Calculate l(0).
12
Let l(f) be the first derivative of -f**2/2 + 5*f + 19. Calculate l(5).
0
Let c(l) = l**2 - 3*l - 4. Let p(u) be the second derivative of u**4/12 + 5*u**3/3 + 4*u**2 + u. Let h be p(-8). Let a = -4 - h. What is c(a)?
0
Let h be -2 + -1 + -10 + 18. Let u(p) = -p**3 + p**2 - p - 1. Let k(c) = -7*c**3 + 11*c**2 - 5*c - 6. Let y(n) = -k(n) + 6*u(n). Calculate y(h).
-5
Let g = -72 - -71. Let f(q) = 4*q**2 - q. What is f(g)?
5
Let m(q) = -q - 6. Suppose 2*v = 4*u - 52, -u - 15 = -2*u + v. Let k = u + -8. Let t be (1 - 1)*k/(-6). Calculate m(t).
-6
Let h be 2*(3/(-9) - 5/30). Let y(k) = 7*k**3 + k**2 + k. Determine y(h).
-7
Let c(j) be the first derivative of -j**2 - 4*j - 8. Determine c(6).
-16
Let f(b) = -b**3 - 4*b**2 - 5*b - 3. Let g be f(-3). Let n(s) = -3 + g - 7 + s**3. Let d be 2/3 + ((-78)/(-18) - 5). Calculate n(d).
-7
Let i = -9 - -1. Let v(k) = 2*k + 8. Give v(i).
-8
Let q(b) = 0 - 3*b + 0 + 2. Give q(3).
-7
Suppose -17 = -y + 2*j, -3*y = -3*j + 27 - 69. Let h = y - 6. Let o(t) = -t - 1. Let v(x) = x**2 -